{"id":393,"date":"2020-03-30T19:17:55","date_gmt":"2020-03-31T01:17:55","guid":{"rendered":"http:\/\/www.smls.mx\/?page_id=393"},"modified":"2020-09-08T18:50:21","modified_gmt":"2020-09-08T23:50:21","slug":"objetivo-general","status":"publish","type":"page","link":"https:\/\/smls.mx\/?page_id=393","title":{"rendered":"OBJETIVO GENERAL"},"content":{"rendered":"\t\t<div data-elementor-type=\"wp-page\" data-elementor-id=\"393\" class=\"elementor elementor-393\">\n\t\t\t\t\t\t<section class=\"elementor-section elementor-top-section elementor-element elementor-element-e4e884d elementor-section-boxed elementor-section-height-default elementor-section-height-default\" data-id=\"e4e884d\" data-element_type=\"section\" data-e-type=\"section\">\n\t\t\t\t\t\t<div class=\"elementor-container elementor-column-gap-default\">\n\t\t\t\t\t<div class=\"elementor-column elementor-col-100 elementor-top-column elementor-element elementor-element-2755c69\" data-id=\"2755c69\" data-element_type=\"column\" data-e-type=\"column\">\n\t\t\t<div class=\"elementor-widget-wrap elementor-element-populated\">\n\t\t\t\t\t\t<div class=\"elementor-element elementor-element-233d93c elementor-widget elementor-widget-text-editor\" data-id=\"233d93c\" data-element_type=\"widget\" data-e-type=\"widget\" data-widget_type=\"text-editor.default\">\n\t\t\t\t<div class=\"elementor-widget-container\">\n\t\t\t\t\t\t\t\t\t<p><\/p><p style=\"text-align: justify;\"><span style=\"color: #000000;\">Esta sociedad cient\u00edfica tiene como objetivo, promover, coordinar y conducir en forma natural el uso de infraestructura propia de los usuarios de luz de radiaci\u00f3n sincrotr\u00f3n, as\u00ed como la de los sincrotrones en el mundo, promover programas educativos y de intercambio de conocimientos entre los usuarios, as\u00ed como establecer una fuerte vinculaci\u00f3n de cient\u00edficos-t\u00e9cnicos-empresas-gobierno. Esto se lograr\u00e1 a trav\u00e9s de la organizaci\u00f3n de evento nacionales, cursos-taller especializados y en un futuro mediano la creaci\u00f3n de una sede en el sincrotr\u00f3n mexicano, que representa el gran proyecto de la innovaci\u00f3n tecnol\u00f3gica de M\u00e9xico.<\/span><\/p><p style=\"text-align: justify;\"><span style=\"color: #000000;\"> <\/span><\/p><p style=\"text-align: justify;\"><span style=\"color: #000000;\">Adem\u00e1s la SMLS, A.C., pretende extender y difundir el uso de t\u00e9cnicas basadas en radiaci\u00f3n sincrotr\u00f3n, para que la comunidad de usuarios en M\u00e9xico, se fortalezca en su crecimiento y con ello incrementar\u00e1 la generaci\u00f3n de productos de investigaci\u00f3n y de desarrollo tecnol\u00f3gico que nos permita ser m\u00e1s competitivos a nivel mundial.<\/span><\/p><p style=\"text-align: justify;\"><span style=\"color: #000000;\"><\/span><\/p>\t\t\t\t\t\t\t\t<\/div>\n\t\t\t\t<\/div>\n\t\t\t\t\t<\/div>\n\t\t<\/div>\n\t\t\t\t\t<\/div>\n\t\t<\/section>\n\t\t\t\t<\/div>\n\t\t","protected":false},"excerpt":{"rendered":"<p>Esta sociedad cient\u00edfica tiene como objetivo, promover, coordinar y conducir en forma natural el uso de infraestructura propia de los usuarios de luz de radiaci\u00f3n sincrotr\u00f3n, as\u00ed como la de los sincrotrones en el mundo, promover programas educativos y de intercambio de conocimientos entre los usuarios, as\u00ed como establecer una fuerte vinculaci\u00f3n de cient\u00edficos-t\u00e9cnicos-empresas-gobierno. Esto se lograr\u00e1 a trav\u00e9s de<\/p>\n<p><a class=\"more-link\" href=\"https:\/\/smls.mx\/?page_id=393\">Leer m\u00e1s<\/a><\/p>\n<div class=\"pvc_clear\"><\/div>\n<p id=\"pvc_stats_393\" class=\"pvc_stats all  \" data-element-id=\"393\" style=\"\"><i class=\"pvc-stats-icon medium\" aria-hidden=\"true\"><svg aria-hidden=\"true\" focusable=\"false\" data-prefix=\"far\" data-icon=\"chart-bar\" role=\"img\" xmlns=\"http:\/\/www.w3.org\/2000\/svg\" viewBox=\"0 0 512 512\" class=\"svg-inline--fa fa-chart-bar fa-w-16 fa-2x\"><path fill=\"currentColor\" d=\"M396.8 352h22.4c6.4 0 12.8-6.4 12.8-12.8V108.8c0-6.4-6.4-12.8-12.8-12.8h-22.4c-6.4 0-12.8 6.4-12.8 12.8v230.4c0 6.4 6.4 12.8 12.8 12.8zm-192 0h22.4c6.4 0 12.8-6.4 12.8-12.8V140.8c0-6.4-6.4-12.8-12.8-12.8h-22.4c-6.4 0-12.8 6.4-12.8 12.8v198.4c0 6.4 6.4 12.8 12.8 12.8zm96 0h22.4c6.4 0 12.8-6.4 12.8-12.8V204.8c0-6.4-6.4-12.8-12.8-12.8h-22.4c-6.4 0-12.8 6.4-12.8 12.8v134.4c0 6.4 6.4 12.8 12.8 12.8zM496 400H48V80c0-8.84-7.16-16-16-16H16C7.16 64 0 71.16 0 80v336c0 17.67 14.33 32 32 32h464c8.84 0 16-7.16 16-16v-16c0-8.84-7.16-16-16-16zm-387.2-48h22.4c6.4 0 12.8-6.4 12.8-12.8v-70.4c0-6.4-6.4-12.8-12.8-12.8h-22.4c-6.4 0-12.8 6.4-12.8 12.8v70.4c0 6.4 6.4 12.8 12.8 12.8z\" class=\"\"><\/path><\/svg><\/i> <img decoding=\"async\" width=\"16\" height=\"16\" alt=\"Loading\" src=\"https:\/\/smls.mx\/wp-content\/plugins\/page-views-count\/ajax-loader-2x.gif\" border=0 \/><\/p>\n<div class=\"pvc_clear\"><\/div>\n","protected":false},"author":1,"featured_media":0,"parent":0,"menu_order":0,"comment_status":"closed","ping_status":"closed","template":"","meta":{"footnotes":""},"class_list":["post-393","page","type-page","status-publish","hentry"],"a3_pvc":{"activated":true,"total_views":1793,"today_views":0},"_links":{"self":[{"href":"https:\/\/smls.mx\/index.php?rest_route=\/wp\/v2\/pages\/393","targetHints":{"allow":["GET"]}}],"collection":[{"href":"https:\/\/smls.mx\/index.php?rest_route=\/wp\/v2\/pages"}],"about":[{"href":"https:\/\/smls.mx\/index.php?rest_route=\/wp\/v2\/types\/page"}],"author":[{"embeddable":true,"href":"https:\/\/smls.mx\/index.php?rest_route=\/wp\/v2\/users\/1"}],"replies":[{"embeddable":true,"href":"https:\/\/smls.mx\/index.php?rest_route=%2Fwp%2Fv2%2Fcomments&post=393"}],"version-history":[{"count":4,"href":"https:\/\/smls.mx\/index.php?rest_route=\/wp\/v2\/pages\/393\/revisions"}],"predecessor-version":[{"id":840,"href":"https:\/\/smls.mx\/index.php?rest_route=\/wp\/v2\/pages\/393\/revisions\/840"}],"wp:attachment":[{"href":"https:\/\/smls.mx\/index.php?rest_route=%2Fwp%2Fv2%2Fmedia&parent=393"}],"curies":[{"name":"wp","href":"https:\/\/api.w.org\/{rel}","templated":true}]}}