{"id":2170,"date":"2022-09-04T11:27:05","date_gmt":"2022-09-04T16:27:05","guid":{"rendered":"https:\/\/www.smls.mx\/?page_id=2170"},"modified":"2022-11-09T20:55:06","modified_gmt":"2022-11-10T02:55:06","slug":"ii-congreso-nacional-de-la-sociedad-mexicana-de-luz-sincrotron-2","status":"publish","type":"page","link":"https:\/\/smls.mx\/?page_id=2170","title":{"rendered":"Informaci\u00f3n General"},"content":{"rendered":"\t\t<div data-elementor-type=\"wp-page\" data-elementor-id=\"2170\" class=\"elementor elementor-2170\">\n\t\t\t\t\t\t<section class=\"elementor-section elementor-top-section elementor-element elementor-element-8553ed3 elementor-section-boxed elementor-section-height-default elementor-section-height-default\" data-id=\"8553ed3\" data-element_type=\"section\">\n\t\t\t\t\t\t<div class=\"elementor-container elementor-column-gap-default\">\n\t\t\t\t\t<div class=\"elementor-column elementor-col-100 elementor-top-column elementor-element elementor-element-03e3195\" data-id=\"03e3195\" data-element_type=\"column\">\n\t\t\t<div class=\"elementor-widget-wrap elementor-element-populated\">\n\t\t\t\t\t\t<div class=\"elementor-element elementor-element-d9321eb elementor-widget elementor-widget-image\" data-id=\"d9321eb\" data-element_type=\"widget\" data-widget_type=\"image.default\">\n\t\t\t\t<div class=\"elementor-widget-container\">\n\t\t\t\t\t\t\t\t\t\t\t\t\t\t\t<img fetchpriority=\"high\" decoding=\"async\" width=\"1024\" height=\"367\" src=\"https:\/\/smls.mx\/wp-content\/uploads\/2022\/10\/BANNER-INTERNET-1-1024x367.jpg\" class=\"attachment-large size-large wp-image-2430\" alt=\"\" srcset=\"https:\/\/smls.mx\/wp-content\/uploads\/2022\/10\/BANNER-INTERNET-1-1024x367.jpg 1024w, https:\/\/smls.mx\/wp-content\/uploads\/2022\/10\/BANNER-INTERNET-1-300x108.jpg 300w, https:\/\/smls.mx\/wp-content\/uploads\/2022\/10\/BANNER-INTERNET-1-768x275.jpg 768w\" sizes=\"(max-width: 1024px) 100vw, 1024px\" \/>\t\t\t\t\t\t\t\t\t\t\t\t\t\t\t<\/div>\n\t\t\t\t<\/div>\n\t\t\t\t\t<\/div>\n\t\t<\/div>\n\t\t\t\t\t<\/div>\n\t\t<\/section>\n\t\t\t\t<section class=\"elementor-section elementor-top-section elementor-element elementor-element-2abb49c elementor-section-boxed elementor-section-height-default elementor-section-height-default\" data-id=\"2abb49c\" data-element_type=\"section\">\n\t\t\t\t\t\t<div class=\"elementor-container elementor-column-gap-default\">\n\t\t\t\t\t<div class=\"elementor-column elementor-col-100 elementor-top-column elementor-element elementor-element-0fcb884\" data-id=\"0fcb884\" data-element_type=\"column\">\n\t\t\t<div class=\"elementor-widget-wrap elementor-element-populated\">\n\t\t\t\t\t\t<div class=\"elementor-element elementor-element-b886dd3 elementor-widget elementor-widget-text-editor\" data-id=\"b886dd3\" data-element_type=\"widget\" data-widget_type=\"text-editor.default\">\n\t\t\t\t<div class=\"elementor-widget-container\">\n\t\t\t\t\t\t\t\t\t<p style=\"text-align: center;\"><span style=\"color: #000000;\"><strong>Invitaci\u00f3n<\/strong><\/span><\/p><p style=\"text-align: justify;\"><span style=\"color: #000000;\">La Mesa Directiva de la Sociedad Mexicana de Luz Sincrotr\u00f3n, A.C. (SMLS), convoca al\u00a0\u00a0<strong>II Congreso Nacional de la Sociedad Mexicana de Luz Sincrotr\u00f3n, a celebrarse del 16 al 18 de noviembre de 2022, en el Auditorio del CEVIDE, Universidad Aut\u00f3noma del Estado de Hidalgo.<\/strong><\/span><\/p><p style=\"text-align: center;\"><strong><span style=\"color: #000000;\">Presentaci\u00f3n<\/span><\/strong><\/p><p style=\"text-align: justify;\"><span style=\"color: #000000;\">La investigaci\u00f3n moderna utiliza las t\u00e9cnicas de radiaci\u00f3n sincrotr\u00f3n. Estas juegan un papel importante en investigaciones realizadas en muchas universidades y centros de investigaci\u00f3n en el mundo. En nuestro pa\u00eds, estas t\u00e9cnicas se han empleado para hacer investigaciones en ciencia de frontera y en innovaciones tecnol\u00f3gicas en numerosas \u00e1reas, como son biolog\u00eda, qu\u00edmica, ciencia de los materiales, geolog\u00eda, patrimonio cultural, f\u00edsica, medicina y ciencias de la vida. En este evento se contar\u00e1 con conferencias plenarias, conferencias invitadas, ponencias y presentaciones de trabajos en formato oral y de cartel. Tambi\u00e9n se impartir\u00e1n cursos simult\u00e1neos en t\u00e9cnicas de Luz Sincrotr\u00f3n. Esperamos contar con su presencia.<\/span><\/p><p style=\"text-align: center;\"><strong><span style=\"color: #000000;\">\u00c1reas de los trabajos a presentar<\/span><\/strong><\/p><p style=\"text-align: justify;\"><span style=\"color: #000000;\">Se considerar\u00e1n trabajos en las \u00e1reas de biolog\u00eda, qu\u00edmica, ciencia de los materiales, geolog\u00eda, patrimonio cultural, f\u00edsica, medicina, ciencias de la vida, entre otras, en donde se aplique luz sincrotr\u00f3n.<\/span><\/p><p style=\"text-align: center;\"><strong><span style=\"color: #000000;\">Recepci\u00f3n de res\u00famenes<\/span><\/strong><\/p><p style=\"text-align: justify;\"><span style=\"color: #000000;\">Los res\u00famenes podr\u00e1n ser registrados en la p\u00e1gina\u00a0<a style=\"color: #000000;\" href=\"about:blank\">www.smls.mx<\/a><\/span><\/p><p style=\"text-align: justify;\"><span style=\"color: #000000;\">Se recibir\u00e1n los res\u00famenes hasta el 07 de noviembre de 2022. <span style=\"color: #808000;\"><a style=\"color: #808000;\" href=\"https:\/\/smls.mx\/wp-content\/uploads\/2022\/10\/Formato-resumen-final.docx\"><strong>Descarga la plantilla aqu\u00ed<\/strong><\/a><\/span><\/span><\/p><p style=\"text-align: justify;\"><strong><span style=\"color: #000000;\">Indicaciones generales para los autores<\/span><\/strong><\/p><ul style=\"text-align: justify;\"><li style=\"text-align: left;\"><span style=\"color: #000000;\">Los trabajos para este congreso se presentar\u00e1n de acuerdo a los lineamientos establecidos en la p\u00e1gina www.smls.mx<\/span><\/li><li style=\"text-align: left;\"><span style=\"color: #000000;\">Se aceptar\u00e1n trabajos que hayan utilizado fuentes de luz sincrotr\u00f3n, dise\u00f1o de aceleradores, as\u00ed como aquellos en donde se plantea el uso de luz sincrotr\u00f3n.<\/span><\/li><li style=\"text-align: left;\"><span style=\"color: #000000;\">Los trabajos se adjuntar\u00e1n en l\u00ednea, siguiendo las indicaciones de la aplicaci\u00f3n de registro.<\/span><\/li><li style=\"text-align: left;\"><span style=\"color: #000000;\">Para que su trabajo sea presentado en el congreso se requiere haber cubierto la cuota de inscripci\u00f3n correspondiente, al menos del autor que presentar\u00e1 el trabajo.<\/span><\/li><li style=\"text-align: left;\"><span style=\"color: #000000;\">Los trabajos ser\u00e1n evaluados, para su presentaci\u00f3n en el Congreso, por el Comit\u00e9 Cient\u00edfico de la SMLS.<\/span><\/li><\/ul><div><span style=\"color: #000000;\"><strong>PREMIOS A LOS MEJORES TRABAJOS:<\/strong><\/span><\/div><div>\u00a0<\/div><div><p style=\"text-align: justify;\"><span style=\"color: #000000;\">Al t\u00e9rmino del Congreso, se otorgar\u00e1n los siguientes premios a los mejores trabajos:<\/span><\/p><ul style=\"text-align: justify;\"><li><span style=\"color: #000000;\">El primer lugar ser\u00e1 galardonado con el premio \u201cDr. Luis Edmundo Fuentes Cobas y Dra. Mar\u00eda Elena Montero Cabrera\u201d. En este premio ser\u00e1 acreedor a $3,000 (tres mil pesos 00\/100 M.N.), un libro y un diploma.<\/span><\/li><li><span style=\"color: #000000;\">El segundo lugar ser\u00e1 acreedor a $1,500 (mil quinientos pesos 00\/100 M.N.), un libro y un diploma.<\/span><\/li><li><span style=\"color: #000000;\">El tercer lugar consistir\u00e1 en $500 (quinientos pesos 00\/100 M.N.), un libro y un diploma.<\/span><\/li><\/ul><\/div><p style=\"text-align: justify;\"><strong><span style=\"color: #000000;\">CARACTER\u00cdSTICAS DEL P\u00d3STER EN FORMATO DIGITAL<\/span><\/strong><\/p><p style=\"text-align: justify;\"><span style=\"color: #000000;\">Dimensiones:\u00a0<\/span><\/p><p style=\"text-align: justify;\"><span style=\"color: #000000;\">Ancho: 90 cm\u00a0 Alto: 120 cm<\/span><\/p><p style=\"text-align: justify;\"><span style=\"color: #000000;\">Estructura:<\/span><\/p><p style=\"text-align: justify;\"><span style=\"color: #000000;\">T\u00edtulo: Se recomienda utilizar la fuente Arial con tama\u00f1o de 80 a 100 puntos (de acuerdo con el tama\u00f1o del t\u00edtulo). Se recomienda utilizar por lo menos dos logos: el <span style=\"color: #993366;\"><strong><a style=\"color: #993366;\" href=\"https:\/\/smls.mx\/wp-content\/uploads\/2022\/11\/Logo-SMLS.png\" target=\"_blank\" rel=\"noopener\">institucional<\/a><\/strong><\/span> y el del <span style=\"color: #993366;\"><strong><a style=\"color: #993366;\" href=\"https:\/\/smls.mx\/wp-content\/uploads\/2022\/11\/II-Comgreso.png\" target=\"_blank\" rel=\"noopener\">congreso<\/a><\/strong>,<\/span> uno en cada lado del t\u00edtulo.<\/span><\/p><p style=\"text-align: justify;\"><span style=\"color: #000000;\">Autores y Adscripciones:\u00a0Se recomienda utilizar la fuente Arial con tama\u00f1o de 30 a 32 puntos (de acuerdo con el n\u00famero de participantes), resaltando con un \u201c*\u201d quien presenta el p\u00f3ster en sesi\u00f3n. El formato para las instituciones debe limitarse a contener la siguiente informaci\u00f3n: Instituci\u00f3n, dependencia, calle y n\u00famero, colonia, estado, municipio, c\u00f3digo postal, pa\u00eds.<\/span><\/p><p style=\"text-align: justify;\"><strong><span style=\"color: #000000;\">Secciones:\u00a0El cuerpo del p\u00f3ster debe contener por lo menos las siguientes secciones:<\/span><\/strong><\/p><ul style=\"text-align: justify;\"><li style=\"text-align: left;\"><span style=\"color: #000000;\">Introducci\u00f3n y objetivos<\/span><\/li><li style=\"text-align: left;\"><span style=\"color: #000000;\">Metodolog\u00eda<\/span><\/li><li style=\"text-align: left;\"><span style=\"color: #000000;\">Resultados y Discusiones<\/span><\/li><li style=\"text-align: left;\"><span style=\"color: #000000;\">Conclusiones<\/span><\/li><li style=\"text-align: left;\"><span style=\"color: #000000;\">Bibliograf\u00eda<\/span><\/li><\/ul><p style=\"text-align: justify;\"><span style=\"color: #000000;\">Se recomienda utilizar fuente Arial entre 32 a 36, distinguiendo entre t\u00edtulos y texto con el n\u00famero de fuente menor para el texto en general, a excepci\u00f3n de la bibliograf\u00eda en donde pueden emplearse un n\u00famero de fuente de hasta 28 puntos. El formato de la bibliograf\u00eda debe limitarse a contener la siguiente informaci\u00f3n: Primer autor seguido de et al. (En el caso de dos autores puede emplearse \u201c&amp;\u201d), a\u00f1o, nombre de la revista o editorial, paginaci\u00f3n o n\u00famero de p\u00e1ginas. Se recomienda como n\u00famero l\u00edmite de referencias hasta 5.a<\/span><\/p><p style=\"text-align: center;\"><strong><span style=\"color: #000000;\">BECAS<\/span><\/strong><\/p><p style=\"text-align: center;\"><span style=\"color: #000000;\">La SMLS otorgar\u00e1 un n\u00famero limitado de becas de cuota de inscripci\u00f3n, para estudiantes <\/span><span style=\"color: #000000;\">participantes en el II Congreso Nacional de la Sociedad Mexicana de Luz Sincrotr\u00f3n, de <\/span><span style=\"color: #000000;\">acuerdo con los siguientes lineamientos:<\/span><br \/><span style=\"color: #000000;\">1. El estudiante deber\u00e1 haber realizado su registro al Congreso en la p\u00e1gina de la <\/span><span style=\"color: #000000;\">SMLS (https:\/\/smls.mx) y enviar su solicitud a m\u00e1s tardar el 7 de noviembre <\/span><span style=\"color: #000000;\">del 2022.<\/span><\/p><p style=\"text-align: justify;\"><span style=\"color: #000000;\">2. Estudiantes de posgrado: enviar al correo: inscripcionsmls@gmail.com, una carta <\/span><span style=\"color: #000000;\">solicitud firmada, en papel membretado de su instituci\u00f3n acad\u00e9mica dirigida al <\/span><span style=\"color: #000000;\">Comit\u00e9 Organizador con el visto bueno del tutor (jefe de laboratorio o jefe de <\/span><span style=\"color: #000000;\">grupo), especificando que el estudiante no cuenta con apoyo econ\u00f3mico por parte de <\/span><span style=\"color: #000000;\">ning\u00fan programa de posgrado o instituci\u00f3n para asistir al congreso.<\/span><\/p><p style=\"text-align: justify;\"><span style=\"color: #000000;\">3. Estudiantes de licenciatura: enviar al correo: inscripcionsmls@gmail.com, una carta <\/span><span style=\"color: #000000;\">solicitud firmada, dirigida al Comit\u00e9 Organizador, especificando su inter\u00e9s en <\/span><span style=\"color: #000000;\">participar en el Congreso, e indicando que no cuenta con apoyo econ\u00f3mico para <\/span><span style=\"color: #000000;\">asistir al congreso.<\/span><\/p><p style=\"text-align: justify;\"><span style=\"color: #000000;\">4. Tanto para estudiantes de nivel licenciatura o posgrado enviar constancia que lo <\/span><span style=\"color: #000000;\">avale como estudiante (credencial vigente, k\u00e1rdex, entre otros).<\/span><\/p><p style=\"text-align: justify;\"><span style=\"color: #000000;\">5. Los estudiantes sujetos de apoyo ser\u00e1n becarios del Congreso, y se les asignar\u00e1 <\/span><span style=\"color: #000000;\">alguna actividad de apoyo t\u00e9cnico a realizar durante el evento.<\/span><\/p><p style=\"text-align: justify;\">\u00a0<\/p>\t\t\t\t\t\t\t\t<\/div>\n\t\t\t\t<\/div>\n\t\t\t\t\t<\/div>\n\t\t<\/div>\n\t\t\t\t\t<\/div>\n\t\t<\/section>\n\t\t\t\t<section class=\"elementor-section elementor-top-section elementor-element elementor-element-c41f11c elementor-section-boxed elementor-section-height-default elementor-section-height-default\" data-id=\"c41f11c\" data-element_type=\"section\">\n\t\t\t\t\t\t<div class=\"elementor-container elementor-column-gap-default\">\n\t\t\t\t\t<div class=\"elementor-column elementor-col-100 elementor-top-column elementor-element elementor-element-2cf6d75\" data-id=\"2cf6d75\" data-element_type=\"column\">\n\t\t\t<div class=\"elementor-widget-wrap elementor-element-populated\">\n\t\t\t\t\t\t<div class=\"elementor-element elementor-element-1c417be elementor-widget elementor-widget-text-editor\" data-id=\"1c417be\" data-element_type=\"widget\" data-widget_type=\"text-editor.default\">\n\t\t\t\t<div class=\"elementor-widget-container\">\n\t\t\t\t\t\t\t\t\t<p style=\"text-align: left;\"><span style=\"color: #000000;\"><strong>Cuotas de inscripci\u00f3n al Congreso\u00a0<\/strong><\/span><\/p><table class=\" aligncenter\" width=\"359\"><tbody><tr><td width=\"189\"><p><span style=\"color: #000000;\"><strong>Grupo<\/strong><\/span><\/p><\/td><td width=\"170\"><p><span style=\"color: #000000;\"><strong>Cuota<\/strong><\/span><\/p><\/td><\/tr><tr><td width=\"189\"><p><span style=\"color: #000000;\">Representante de Empresa<\/span><\/p><\/td><td width=\"170\"><p><span style=\"color: #000000;\">$2,500<\/span><\/p><\/td><\/tr><tr><td width=\"189\"><p><span style=\"color: #000000;\">Profesional consolidado(1)<\/span><\/p><\/td><td width=\"170\"><p><span style=\"color: #000000;\">$2,000<\/span><\/p><\/td><\/tr><tr><td width=\"189\"><p><span style=\"color: #000000;\">Profesional en desarrollo(2)<\/span><\/p><\/td><td width=\"170\"><p><span style=\"color: #000000;\">$1,500<\/span><\/p><\/td><\/tr><tr><td width=\"189\"><p><span style=\"color: #000000;\">Estudiantes posgrado<\/span><\/p><\/td><td width=\"170\"><p><span style=\"color: #000000;\">$1,000<\/span><\/p><\/td><\/tr><tr><td width=\"189\"><p><span style=\"color: #000000;\">Estudiantes pregrado<\/span><\/p><\/td><td width=\"170\"><p><span style=\"color: #000000;\">$300<\/span><\/p><\/td><\/tr><tr><td width=\"189\"><p><span style=\"color: #000000;\">Jubilados<\/span><\/p><\/td><td width=\"170\"><p><span style=\"color: #000000;\">$ 250<\/span><\/p><\/td><\/tr><\/tbody><\/table><p style=\"text-align: left;\"><span style=\"color: #000000;\">(1) Profesores universitarios e investigadores de tiempo completo.<\/span><\/p><p style=\"text-align: left;\"><span style=\"color: #000000;\">(2) Catedr\u00e1ticos CONACYT, profesores por horas, profesionistas a t\u00edtulo personal.<\/span><\/p><p style=\"text-align: left;\"><span style=\"color: #000000;\"><strong>*Fecha l\u00edmite de pago: 15 de noviembre de 2022.\u00a0<\/strong><\/span><\/p>\t\t\t\t\t\t\t\t<\/div>\n\t\t\t\t<\/div>\n\t\t\t\t\t<\/div>\n\t\t<\/div>\n\t\t\t\t\t<\/div>\n\t\t<\/section>\n\t\t\t\t<section class=\"elementor-section elementor-top-section elementor-element elementor-element-b5bbeee elementor-section-boxed elementor-section-height-default elementor-section-height-default\" data-id=\"b5bbeee\" data-element_type=\"section\">\n\t\t\t\t\t\t<div class=\"elementor-container elementor-column-gap-default\">\n\t\t\t\t\t<div class=\"elementor-column elementor-col-100 elementor-top-column elementor-element elementor-element-aa65789\" data-id=\"aa65789\" data-element_type=\"column\">\n\t\t\t<div class=\"elementor-widget-wrap elementor-element-populated\">\n\t\t\t\t\t\t<div class=\"elementor-element elementor-element-639228f elementor-widget elementor-widget-text-editor\" data-id=\"639228f\" data-element_type=\"widget\" data-widget_type=\"text-editor.default\">\n\t\t\t\t<div class=\"elementor-widget-container\">\n\t\t\t\t\t\t\t\t\t<p><span style=\"color: #000000;\"><strong>FORMAS DE PAGO<\/strong><\/span><\/p><p><span style=\"color: #000000;\"><strong>A)\u00a0DEP\u00d3SITO A CUENTA<\/strong><\/span><\/p><p><span style=\"color: #000000;\"><strong>Nombre:<\/strong>\u00a0Sociedad Mexicana de Luz Sincrotr\u00f3n, A.C.<\/span><\/p><p><span style=\"color: #000000;\"><strong>Banco:<\/strong>\u00a0Santander<\/span><\/p><p><span style=\"color: #000000;\"><strong>N\u00famero de cuenta:<\/strong>\u00a065-50820445-0<\/span><\/p><p><span style=\"color: #000000;\"><strong>CLABE:<\/strong>\u00a0014225655082044501<\/span><\/p><p><span style=\"color: #000000;\"><strong>B)\u00a0MERCADO PAGO<\/strong><\/span><\/p><p><span style=\"color: #000000;\"><strong>NOTA:<\/strong>\u00a0El pago por este m\u00e9todo puede ser diferido a 3,6,9 y 12 sin intereses.<\/span><\/p><p><a href=\"https:\/\/smls.mx\/formas-de-pago\/\"><img decoding=\"async\" class=\"alignnone size-medium wp-image-1511\" src=\"https:\/\/smls.mx\/wp-content\/uploads\/2021\/01\/5FA-300x78.png\" sizes=\"(max-width: 300px) 100vw, 300px\" srcset=\"https:\/\/smls.mx\/wp-content\/uploads\/2021\/01\/5FA-300x78.png 300w, https:\/\/smls.mx\/wp-content\/uploads\/2021\/01\/5FA.png 486w\" alt=\"\" width=\"300\" height=\"78\" \/><\/a><\/p>\t\t\t\t\t\t\t\t<\/div>\n\t\t\t\t<\/div>\n\t\t\t\t\t<\/div>\n\t\t<\/div>\n\t\t\t\t\t<\/div>\n\t\t<\/section>\n\t\t\t\t<section class=\"elementor-section elementor-top-section elementor-element elementor-element-e5635ea elementor-section-boxed elementor-section-height-default elementor-section-height-default\" data-id=\"e5635ea\" data-element_type=\"section\">\n\t\t\t\t\t\t<div class=\"elementor-container elementor-column-gap-default\">\n\t\t\t\t\t<div class=\"elementor-column elementor-col-100 elementor-top-column elementor-element elementor-element-1fd3025\" data-id=\"1fd3025\" data-element_type=\"column\">\n\t\t\t<div class=\"elementor-widget-wrap elementor-element-populated\">\n\t\t\t\t\t\t<div class=\"elementor-element elementor-element-3c5e1d8 elementor-widget elementor-widget-text-editor\" data-id=\"3c5e1d8\" data-element_type=\"widget\" data-widget_type=\"text-editor.default\">\n\t\t\t\t<div class=\"elementor-widget-container\">\n\t\t\t\t\t\t\t\t\t<p style=\"text-align: justify;\"><span style=\"color: #000000;\"><strong>Reconocimiento a los mejores trabajos<\/strong><\/span><\/p><p style=\"text-align: justify;\"><span style=\"color: #000000;\">Los 3 mejores trabajos de estudiantes, se les permitir\u00e1 una presentaci\u00f3n oral de 15 minutos.<\/span><\/p><p style=\"text-align: center;\"><span style=\"color: #000000;\"><strong>Datos de contacto:<\/strong><\/span><\/p><p style=\"text-align: center;\"><span style=\"color: #000000;\">sociedadmexicanasincrotron@gmail.com<\/span><\/p>\t\t\t\t\t\t\t\t<\/div>\n\t\t\t\t<\/div>\n\t\t\t\t\t<\/div>\n\t\t<\/div>\n\t\t\t\t\t<\/div>\n\t\t<\/section>\n\t\t\t\t<section class=\"elementor-section elementor-top-section elementor-element elementor-element-e7c03a5 elementor-section-boxed elementor-section-height-default elementor-section-height-default\" data-id=\"e7c03a5\" data-element_type=\"section\">\n\t\t\t\t\t\t<div class=\"elementor-container elementor-column-gap-default\">\n\t\t\t\t\t<div class=\"elementor-column elementor-col-100 elementor-top-column elementor-element elementor-element-220ee62\" data-id=\"220ee62\" data-element_type=\"column\">\n\t\t\t<div class=\"elementor-widget-wrap elementor-element-populated\">\n\t\t\t\t\t\t<div class=\"elementor-element elementor-element-e670184 elementor-widget elementor-widget-heading\" data-id=\"e670184\" data-element_type=\"widget\" data-widget_type=\"heading.default\">\n\t\t\t\t<div class=\"elementor-widget-container\">\n\t\t\t\t\t<h1 class=\"elementor-heading-title elementor-size-default\">ORGANIZADORES<\/h1>\t\t\t\t<\/div>\n\t\t\t\t<\/div>\n\t\t\t\t\t<\/div>\n\t\t<\/div>\n\t\t\t\t\t<\/div>\n\t\t<\/section>\n\t\t\t\t<section class=\"elementor-section elementor-top-section elementor-element elementor-element-6c68a20 elementor-section-boxed elementor-section-height-default elementor-section-height-default\" data-id=\"6c68a20\" data-element_type=\"section\">\n\t\t\t\t\t\t<div class=\"elementor-container elementor-column-gap-default\">\n\t\t\t\t\t<div class=\"elementor-column elementor-col-100 elementor-top-column elementor-element elementor-element-124afa8\" data-id=\"124afa8\" data-element_type=\"column\">\n\t\t\t<div class=\"elementor-widget-wrap elementor-element-populated\">\n\t\t\t\t\t\t<div class=\"elementor-element elementor-element-923119d elementor-widget elementor-widget-image\" data-id=\"923119d\" data-element_type=\"widget\" data-widget_type=\"image.default\">\n\t\t\t\t<div class=\"elementor-widget-container\">\n\t\t\t\t\t\t\t\t\t\t\t\t\t\t\t<img decoding=\"async\" width=\"1024\" height=\"547\" src=\"https:\/\/smls.mx\/wp-content\/uploads\/2022\/10\/ORGANIZAROR-1024x547.jpg\" class=\"attachment-large size-large wp-image-2458\" alt=\"\" srcset=\"https:\/\/smls.mx\/wp-content\/uploads\/2022\/10\/ORGANIZAROR-1024x547.jpg 1024w, https:\/\/smls.mx\/wp-content\/uploads\/2022\/10\/ORGANIZAROR-300x160.jpg 300w, https:\/\/smls.mx\/wp-content\/uploads\/2022\/10\/ORGANIZAROR-768x410.jpg 768w, https:\/\/smls.mx\/wp-content\/uploads\/2022\/10\/ORGANIZAROR-800x428.jpg 800w, https:\/\/smls.mx\/wp-content\/uploads\/2022\/10\/ORGANIZAROR-600x321.jpg 600w, https:\/\/smls.mx\/wp-content\/uploads\/2022\/10\/ORGANIZAROR.jpg 1280w\" sizes=\"(max-width: 1024px) 100vw, 1024px\" \/>\t\t\t\t\t\t\t\t\t\t\t\t\t\t\t<\/div>\n\t\t\t\t<\/div>\n\t\t\t\t\t<\/div>\n\t\t<\/div>\n\t\t\t\t\t<\/div>\n\t\t<\/section>\n\t\t\t\t<section class=\"elementor-section elementor-top-section elementor-element elementor-element-c4b57b6 elementor-section-boxed elementor-section-height-default elementor-section-height-default\" data-id=\"c4b57b6\" data-element_type=\"section\">\n\t\t\t\t\t\t<div class=\"elementor-container elementor-column-gap-default\">\n\t\t\t\t\t<div class=\"elementor-column elementor-col-100 elementor-top-column elementor-element elementor-element-3542481\" data-id=\"3542481\" data-element_type=\"column\">\n\t\t\t<div class=\"elementor-widget-wrap elementor-element-populated\">\n\t\t\t\t\t\t<div class=\"elementor-element elementor-element-ad8bb8b elementor-widget elementor-widget-image\" data-id=\"ad8bb8b\" data-element_type=\"widget\" data-widget_type=\"image.default\">\n\t\t\t\t<div class=\"elementor-widget-container\">\n\t\t\t\t\t\t\t\t\t\t\t\t\t\t\t\t<a href=\"https:\/\/smls.mx\/inscripcion-congreso\/\">\n\t\t\t\t\t\t\t<img loading=\"lazy\" decoding=\"async\" width=\"300\" height=\"120\" src=\"https:\/\/smls.mx\/wp-content\/uploads\/2020\/09\/INSCRIBETE-AQUI-300x120.png\" class=\"attachment-medium size-medium wp-image-708\" alt=\"\" srcset=\"https:\/\/smls.mx\/wp-content\/uploads\/2020\/09\/INSCRIBETE-AQUI-300x120.png 300w, https:\/\/smls.mx\/wp-content\/uploads\/2020\/09\/INSCRIBETE-AQUI-600x240.png 600w, https:\/\/smls.mx\/wp-content\/uploads\/2020\/09\/INSCRIBETE-AQUI-768x307.png 768w, https:\/\/smls.mx\/wp-content\/uploads\/2020\/09\/INSCRIBETE-AQUI-776x310.png 776w, https:\/\/smls.mx\/wp-content\/uploads\/2020\/09\/INSCRIBETE-AQUI.png 800w\" sizes=\"(max-width: 300px) 100vw, 300px\" \/>\t\t\t\t\t\t\t\t<\/a>\n\t\t\t\t\t\t\t\t\t\t\t\t\t\t\t<\/div>\n\t\t\t\t<\/div>\n\t\t\t\t\t<\/div>\n\t\t<\/div>\n\t\t\t\t\t<\/div>\n\t\t<\/section>\n\t\t\t\t<\/div>\n\t\t","protected":false},"excerpt":{"rendered":"<p>Invitaci\u00f3n La Mesa Directiva de la Sociedad Mexicana de Luz Sincrotr\u00f3n, A.C. (SMLS), convoca al\u00a0\u00a0II Congreso Nacional de la Sociedad Mexicana de Luz Sincrotr\u00f3n, a celebrarse del 16 al 18 de noviembre de 2022, en el Auditorio del CEVIDE, Universidad Aut\u00f3noma del Estado de Hidalgo. Presentaci\u00f3n La investigaci\u00f3n moderna utiliza las t\u00e9cnicas de radiaci\u00f3n sincrotr\u00f3n. Estas juegan un papel importante<\/p>\n<p><a class=\"more-link\" href=\"https:\/\/smls.mx\/?page_id=2170\">Leer m\u00e1s<\/a><\/p>\n<div class=\"pvc_clear\"><\/div>\n<p id=\"pvc_stats_2170\" class=\"pvc_stats all  \" data-element-id=\"2170\" style=\"\"><i class=\"pvc-stats-icon medium\" aria-hidden=\"true\"><svg aria-hidden=\"true\" focusable=\"false\" data-prefix=\"far\" data-icon=\"chart-bar\" role=\"img\" xmlns=\"http:\/\/www.w3.org\/2000\/svg\" viewBox=\"0 0 512 512\" class=\"svg-inline--fa fa-chart-bar fa-w-16 fa-2x\"><path fill=\"currentColor\" d=\"M396.8 352h22.4c6.4 0 12.8-6.4 12.8-12.8V108.8c0-6.4-6.4-12.8-12.8-12.8h-22.4c-6.4 0-12.8 6.4-12.8 12.8v230.4c0 6.4 6.4 12.8 12.8 12.8zm-192 0h22.4c6.4 0 12.8-6.4 12.8-12.8V140.8c0-6.4-6.4-12.8-12.8-12.8h-22.4c-6.4 0-12.8 6.4-12.8 12.8v198.4c0 6.4 6.4 12.8 12.8 12.8zm96 0h22.4c6.4 0 12.8-6.4 12.8-12.8V204.8c0-6.4-6.4-12.8-12.8-12.8h-22.4c-6.4 0-12.8 6.4-12.8 12.8v134.4c0 6.4 6.4 12.8 12.8 12.8zM496 400H48V80c0-8.84-7.16-16-16-16H16C7.16 64 0 71.16 0 80v336c0 17.67 14.33 32 32 32h464c8.84 0 16-7.16 16-16v-16c0-8.84-7.16-16-16-16zm-387.2-48h22.4c6.4 0 12.8-6.4 12.8-12.8v-70.4c0-6.4-6.4-12.8-12.8-12.8h-22.4c-6.4 0-12.8 6.4-12.8 12.8v70.4c0 6.4 6.4 12.8 12.8 12.8z\" class=\"\"><\/path><\/svg><\/i> <img loading=\"lazy\" decoding=\"async\" width=\"16\" height=\"16\" alt=\"Loading\" src=\"https:\/\/smls.mx\/wp-content\/plugins\/page-views-count\/ajax-loader-2x.gif\" border=0 \/><\/p>\n<div class=\"pvc_clear\"><\/div>\n","protected":false},"author":2,"featured_media":0,"parent":0,"menu_order":0,"comment_status":"closed","ping_status":"closed","template":"","meta":{"footnotes":""},"class_list":["post-2170","page","type-page","status-publish","hentry"],"_links":{"self":[{"href":"https:\/\/smls.mx\/index.php?rest_route=\/wp\/v2\/pages\/2170","targetHints":{"allow":["GET"]}}],"collection":[{"href":"https:\/\/smls.mx\/index.php?rest_route=\/wp\/v2\/pages"}],"about":[{"href":"https:\/\/smls.mx\/index.php?rest_route=\/wp\/v2\/types\/page"}],"author":[{"embeddable":true,"href":"https:\/\/smls.mx\/index.php?rest_route=\/wp\/v2\/users\/2"}],"replies":[{"embeddable":true,"href":"https:\/\/smls.mx\/index.php?rest_route=%2Fwp%2Fv2%2Fcomments&post=2170"}],"version-history":[{"count":95,"href":"https:\/\/smls.mx\/index.php?rest_route=\/wp\/v2\/pages\/2170\/revisions"}],"predecessor-version":[{"id":2518,"href":"https:\/\/smls.mx\/index.php?rest_route=\/wp\/v2\/pages\/2170\/revisions\/2518"}],"wp:attachment":[{"href":"https:\/\/smls.mx\/index.php?rest_route=%2Fwp%2Fv2%2Fmedia&parent=2170"}],"curies":[{"name":"wp","href":"https:\/\/api.w.org\/{rel}","templated":true}]}}