{"id":1042,"date":"2020-09-20T11:36:12","date_gmt":"2020-09-20T16:36:12","guid":{"rendered":"https:\/\/www.smls.mx\/?page_id=1042"},"modified":"2020-09-20T16:47:23","modified_gmt":"2020-09-20T21:47:23","slug":"imagenes-microscopia-y-tomografia","status":"publish","type":"page","link":"https:\/\/smls.mx\/?page_id=1042","title":{"rendered":"Im\u00e1genes, microscop\u00eda y tomograf\u00eda"},"content":{"rendered":"\t\t<div data-elementor-type=\"wp-page\" data-elementor-id=\"1042\" class=\"elementor elementor-1042\">\n\t\t\t\t\t\t<section class=\"elementor-section elementor-top-section elementor-element elementor-element-b077afe elementor-section-boxed elementor-section-height-default elementor-section-height-default\" data-id=\"b077afe\" data-element_type=\"section\" data-e-type=\"section\">\n\t\t\t\t\t\t<div class=\"elementor-container elementor-column-gap-default\">\n\t\t\t\t\t<div class=\"elementor-column elementor-col-100 elementor-top-column elementor-element elementor-element-fd726db\" data-id=\"fd726db\" data-element_type=\"column\" data-e-type=\"column\">\n\t\t\t<div class=\"elementor-widget-wrap elementor-element-populated\">\n\t\t\t\t\t\t<div class=\"elementor-element elementor-element-b57017f elementor-widget elementor-widget-text-editor\" data-id=\"b57017f\" data-element_type=\"widget\" data-e-type=\"widget\" data-widget_type=\"text-editor.default\">\n\t\t\t\t<div class=\"elementor-widget-container\">\n\t\t\t\t\t\t\t\t\t<p style=\"text-align: justify;\"><span style=\"color: #000000;\">La obtenci\u00f3n de im\u00e1genes es un importante tema de investigaci\u00f3n con luz sincrotr\u00f3n. Los m\u00e9todos son muy diversos, y consisten en el empleo combinado las ventajas de los efectos de absorci\u00f3n, dispersi\u00f3n, interferencia y difracci\u00f3n de la luz sincrotr\u00f3n a escala microsc\u00f3pica. La microscop\u00eda maneja tambi\u00e9n haces de luz de energ\u00eda sintonizada para obtener im\u00e1genes empleando luz infrarroja y rayos X. Por ello, la microscop\u00eda con luz sincrotr\u00f3n no solo proporciona im\u00e1genes de la estructura de la muestra en la escala nanom\u00e9trica, sino que proporciona informaci\u00f3n de los elementos qu\u00edmicos que la componen. A continuaci\u00f3n, les exponemos algunos ejemplos de su aplicaci\u00f3n.<\/span><\/p><p style=\"text-align: justify;\"><span style=\"color: #000000;\">El sincrotr\u00f3n ESRF de Grenoble se ha usado para el esclarecimiento del origen y las caracter\u00edsticas de objetos hist\u00f3ricos y del patrimonio cultural mundial. Un ejemplo es el empleo de la microscop\u00eda de fluorescencia de rayos X para estudiar la tinta de carb\u00f3n sobre un papiro egipcio antiguo, en el que se identific\u00f3 el contenido de cobre (Cu) [6]. En este estudio se identificaron las zonas del escrito con contenido de cobre. Se hizo un barrido de las energ\u00edas del borde de absorci\u00f3n de Cu, pixel por pixel, y se obtuvo el espectro de m-XANES. Mediante la forma del espectro se pudo identificar los compuestos cuprita (Cu2O), azurita (Cu3[CO3]2[OH]2) y malaquita (Cu2CO3[OH]2). Como resultado del estudio se concluy\u00f3 que las tintas se obtuvieron de residuos metal\u00fargicos, y fueron los mismos durante unos 300 a\u00f1os. En la <strong>figura 7<\/strong> se muestran las im\u00e1genes de la escritura sobre el papiro, los mapas de m-XRF y los espectros de m-XANES de una muestra estudiada en [6].<\/span><\/p>\t\t\t\t\t\t\t\t<\/div>\n\t\t\t\t<\/div>\n\t\t\t\t\t<\/div>\n\t\t<\/div>\n\t\t\t\t\t<\/div>\n\t\t<\/section>\n\t\t\t\t<section class=\"elementor-section elementor-top-section elementor-element elementor-element-225d4b9 elementor-section-boxed elementor-section-height-default elementor-section-height-default\" data-id=\"225d4b9\" data-element_type=\"section\" data-e-type=\"section\">\n\t\t\t\t\t\t<div class=\"elementor-container elementor-column-gap-default\">\n\t\t\t\t\t<div class=\"elementor-column elementor-col-100 elementor-top-column elementor-element elementor-element-12802df\" data-id=\"12802df\" data-element_type=\"column\" data-e-type=\"column\">\n\t\t\t<div class=\"elementor-widget-wrap elementor-element-populated\">\n\t\t\t\t\t\t<div class=\"elementor-element elementor-element-1016d64 elementor-widget elementor-widget-image\" data-id=\"1016d64\" data-element_type=\"widget\" data-e-type=\"widget\" data-widget_type=\"image.default\">\n\t\t\t\t<div class=\"elementor-widget-container\">\n\t\t\t\t\t\t\t\t\t\t\t\t\t\t\t<img fetchpriority=\"high\" decoding=\"async\" width=\"482\" height=\"142\" src=\"https:\/\/smls.mx\/wp-content\/uploads\/2020\/09\/figura-7.png\" class=\"attachment-large size-large wp-image-1069\" alt=\"\" srcset=\"https:\/\/smls.mx\/wp-content\/uploads\/2020\/09\/figura-7.png 482w, https:\/\/smls.mx\/wp-content\/uploads\/2020\/09\/figura-7-300x88.png 300w\" sizes=\"(max-width: 482px) 100vw, 482px\" \/>\t\t\t\t\t\t\t\t\t\t\t\t\t\t\t<\/div>\n\t\t\t\t<\/div>\n\t\t\t\t\t<\/div>\n\t\t<\/div>\n\t\t\t\t\t<\/div>\n\t\t<\/section>\n\t\t\t\t<section class=\"elementor-section elementor-top-section elementor-element elementor-element-593db94 elementor-section-boxed elementor-section-height-default elementor-section-height-default\" data-id=\"593db94\" data-element_type=\"section\" data-e-type=\"section\">\n\t\t\t\t\t\t<div class=\"elementor-container elementor-column-gap-default\">\n\t\t\t\t\t<div class=\"elementor-column elementor-col-100 elementor-top-column elementor-element elementor-element-9fb9ab9\" data-id=\"9fb9ab9\" data-element_type=\"column\" data-e-type=\"column\">\n\t\t\t<div class=\"elementor-widget-wrap elementor-element-populated\">\n\t\t\t\t\t\t<div class=\"elementor-element elementor-element-36f7f3e elementor-widget elementor-widget-text-editor\" data-id=\"36f7f3e\" data-element_type=\"widget\" data-e-type=\"widget\" data-widget_type=\"text-editor.default\">\n\t\t\t\t<div class=\"elementor-widget-container\">\n\t\t\t\t\t\t\t\t\t<p style=\"text-align: justify;\"><span style=\"color: #000000;\"><strong>Figura 7.<\/strong> (A) Imagen de luz visible de una muestra. (B) Mapas de macro y micro XRF de Cu. Las \u00e1reas donde se recolectaron los espectros XANES est\u00e1n resaltadas. (C) Espectros XANES promedio del \u00e1rea 2 y su descomposici\u00f3n por combinaci\u00f3n lineal de espectros de compuestos conocidos [6].<\/span><\/p><p style=\"text-align: justify;\"><span style=\"color: #000000;\">Una variante m\u00e1s compleja es la microscop\u00eda de rayos X de transmisi\u00f3n y barrido (STXM). En una medici\u00f3n t\u00edpica por STXM, en cada pixel se obtiene el espectro energ\u00e9tico de del borde de absorci\u00f3n de inter\u00e9s en la investigaci\u00f3n. Con STXM se investig\u00f3 la orientaci\u00f3n preferencial de mol\u00e9culas polares de una seda de ara\u00f1a y se compar\u00f3 con la del capullo del gusano de seda, y se relacion\u00f3 con las propiedades mec\u00e1nicas de ambos tipos de seda [7].<\/span><\/p><p style=\"text-align: justify;\"><span style=\"color: #000000;\">Se ha demostrado que la velocidad de producci\u00f3n del filamento por la ara\u00f1a afecta las propiedades mec\u00e1nicas de la seda. Como estas propiedades son resultado de la microestructura, se emple\u00f3 la STXM para estudiar la estructura y la polarizaci\u00f3n de las mol\u00e9culas en el monofilamento de seda, que se llama dragalina. En el trabajo [7] se compararon los resultados de esta estructura en dragalina hilada a dos velocidades diferentes, la empleada en la construcci\u00f3n de la telara\u00f1a (0.5 cm \/ s), y la que produce la ara\u00f1a para descenso vertical (10 cm \/ s). Los experimentos se realizaron en la Advanced Light Source (ALS) de Berkeley, California, Estados Unidos.<\/span><\/p><p style=\"text-align: justify;\"><span style=\"color: #000000;\">Los espectros de estructura fina de absorci\u00f3n de rayos X polarizados cerca del borde (NEXAFS) se obtuvieron para dos orientaciones perpendiculares entre s\u00ed respecto del vector campo el\u00e9ctrico de los rayos X del haz del sincrotr\u00f3n, como se muestra en la <strong>figura 8<\/strong>. Despu\u00e9s se relacion\u00f3 esa polarizaci\u00f3n con la direcci\u00f3n del monofilamento de seda. A partir de esos experimentos se comprob\u00f3 que la fibra de tracci\u00f3n lenta tiene una fracci\u00f3n de dominios con la prote\u00edna altamente orientada mayor en la fibra de tracci\u00f3n r\u00e1pida. En comparaci\u00f3n, la seda del capullo del gusano de seda Bombyx mori presenta una distribuci\u00f3n de orientaci\u00f3n de las prote\u00ednas m\u00e1s estrecha. La combinaci\u00f3n de resistencia-extensibilidad que se encuentra en la seda de dragalina de ara\u00f1a se atribuye a orientaci\u00f3n m\u00e1s homog\u00e9nea de dominios altamente interdigitados y no orientados.<\/span><\/p>\t\t\t\t\t\t\t\t<\/div>\n\t\t\t\t<\/div>\n\t\t\t\t\t<\/div>\n\t\t<\/div>\n\t\t\t\t\t<\/div>\n\t\t<\/section>\n\t\t\t\t<section class=\"elementor-section elementor-top-section elementor-element elementor-element-5c5056f elementor-section-boxed elementor-section-height-default elementor-section-height-default\" data-id=\"5c5056f\" data-element_type=\"section\" data-e-type=\"section\">\n\t\t\t\t\t\t<div class=\"elementor-container elementor-column-gap-default\">\n\t\t\t\t\t<div class=\"elementor-column elementor-col-100 elementor-top-column elementor-element elementor-element-ddb726d\" data-id=\"ddb726d\" data-element_type=\"column\" data-e-type=\"column\">\n\t\t\t<div class=\"elementor-widget-wrap elementor-element-populated\">\n\t\t\t\t\t\t<div class=\"elementor-element elementor-element-65bee1c elementor-widget elementor-widget-image\" data-id=\"65bee1c\" data-element_type=\"widget\" data-e-type=\"widget\" data-widget_type=\"image.default\">\n\t\t\t\t<div class=\"elementor-widget-container\">\n\t\t\t\t\t\t\t\t\t\t\t\t\t\t\t<img decoding=\"async\" width=\"474\" height=\"138\" src=\"https:\/\/smls.mx\/wp-content\/uploads\/2020\/09\/figura-8.png\" class=\"attachment-large size-large wp-image-1070\" alt=\"\" srcset=\"https:\/\/smls.mx\/wp-content\/uploads\/2020\/09\/figura-8.png 474w, https:\/\/smls.mx\/wp-content\/uploads\/2020\/09\/figura-8-300x87.png 300w\" sizes=\"(max-width: 474px) 100vw, 474px\" \/>\t\t\t\t\t\t\t\t\t\t\t\t\t\t\t<\/div>\n\t\t\t\t<\/div>\n\t\t\t\t\t<\/div>\n\t\t<\/div>\n\t\t\t\t\t<\/div>\n\t\t<\/section>\n\t\t\t\t<section class=\"elementor-section elementor-top-section elementor-element elementor-element-896ea1b elementor-section-boxed elementor-section-height-default elementor-section-height-default\" data-id=\"896ea1b\" data-element_type=\"section\" data-e-type=\"section\">\n\t\t\t\t\t\t<div class=\"elementor-container elementor-column-gap-default\">\n\t\t\t\t\t<div class=\"elementor-column elementor-col-100 elementor-top-column elementor-element elementor-element-15ae0c2\" data-id=\"15ae0c2\" data-element_type=\"column\" data-e-type=\"column\">\n\t\t\t<div class=\"elementor-widget-wrap elementor-element-populated\">\n\t\t\t\t\t\t<div class=\"elementor-element elementor-element-5b56978 elementor-widget elementor-widget-text-editor\" data-id=\"5b56978\" data-element_type=\"widget\" data-e-type=\"widget\" data-widget_type=\"text-editor.default\">\n\t\t\t\t<div class=\"elementor-widget-container\">\n\t\t\t\t\t\t\t\t\t<p style=\"text-align: justify;\"><span style=\"color: #000000;\"><strong>Figura 8.<\/strong> Izquierda: Espectros polarizados tipo NEXAFS del carbono C 1s de las prote\u00ednas de una fibra de seda de dragalina hilada a 0.5 cm \/ s con el eje de la fibra orientado a 90\u00b0 (A\u22a5) y 0\u00b0 (A |) con respecto a la vector el\u00e9ctrico de la luz de rayos X (ver imagen insertada). Centro y derecha: Mapas codificados por colores de la polarizaci\u00f3n de las prote\u00ednas de la seda de ara\u00f1a producidas a las velocidades que se dan en la franja de arriba de las figuras. Las regiones altamente orientadas est\u00e1n en rojo, las regiones moderadamente orientadas en verde y regiones no orientadas en azul. Regiones de 5 \u00b5m de ancho.<\/span><\/p><p style=\"text-align: justify;\"><span style=\"color: #000000;\">Otro ejemplo todav\u00eda m\u00e1s complejo: las microtomograf\u00edas. En los sincrotrones se realiza tomograf\u00eda con haces microsc\u00f3picos. Una tomograf\u00eda se realiza con radiograf\u00edas m\u00e1s o menos est\u00e1ndar de rayos X, que se toman en varias orientaciones diferentes.\u00a0 Despu\u00e9s se construye una imagen tridimensional del interior de la muestra a partir de la serie de im\u00e1genes bidimensionales o tomogramas. El proceso es semejante a una tomograf\u00eda computarizada en un hospital, que escanea al paciente desde varios \u00e1ngulos para producir un \u201cTAC\u201d en la t\u00e9cnica m\u00e9dica. Por ejemplo, la tomograf\u00eda puede determinar tensiones internas y grietas dentro de objetos tecnol\u00f3gicos o de muestras arqueol\u00f3gicas, por citar algunos ejemplos.<\/span><\/p><p style=\"text-align: justify;\"><span style=\"color: #000000;\">El reforzado de compuestos cementosos con fibras de alto rendimiento influye significativamente en el endurecimiento general del comp\u00f3sito en comparaci\u00f3n con el hormig\u00f3n convencional. El an\u00e1lisis no destructivo del da\u00f1o a microescala, incluido el agrietamiento causado por procesos expansivos internos a largo plazo, resultantes de la corrosi\u00f3n, se puede realizar con la micro tomograf\u00eda computarizada de rayos X (\u03bcCT) basada en sincrotr\u00f3n. En el trabajo [8] se hizo el estudio no destructivo de compuestos cementosos endurecibles por deformaci\u00f3n (SHCC) agrietados. Los resultados tomogr\u00e1ficos revelaron el comportamiento progresivo de iniciaci\u00f3n y propagaci\u00f3n de microfisuras durante la carga de tracci\u00f3n directa. La mezcla SHCC mostr\u00f3 mayor resistencia a agrietarse en comparaci\u00f3n con los compuestos cementosos no reforzados con fibras. La <strong>figura 9<\/strong> presenta dos tomogramas de las mezclas de cemento sin y con reforzamiento con fibras de [8].<\/span><\/p>\t\t\t\t\t\t\t\t<\/div>\n\t\t\t\t<\/div>\n\t\t\t\t\t<\/div>\n\t\t<\/div>\n\t\t\t\t\t<\/div>\n\t\t<\/section>\n\t\t\t\t<section class=\"elementor-section elementor-top-section elementor-element elementor-element-27e204a elementor-section-boxed elementor-section-height-default elementor-section-height-default\" data-id=\"27e204a\" data-element_type=\"section\" data-e-type=\"section\">\n\t\t\t\t\t\t<div class=\"elementor-container elementor-column-gap-default\">\n\t\t\t\t\t<div class=\"elementor-column elementor-col-100 elementor-top-column elementor-element elementor-element-ab2a298\" data-id=\"ab2a298\" data-element_type=\"column\" data-e-type=\"column\">\n\t\t\t<div class=\"elementor-widget-wrap elementor-element-populated\">\n\t\t\t\t\t\t<div class=\"elementor-element elementor-element-f4b308f elementor-widget elementor-widget-image\" data-id=\"f4b308f\" data-element_type=\"widget\" data-e-type=\"widget\" data-widget_type=\"image.default\">\n\t\t\t\t<div class=\"elementor-widget-container\">\n\t\t\t\t\t\t\t\t\t\t\t\t\t\t\t<img decoding=\"async\" width=\"400\" height=\"208\" src=\"https:\/\/smls.mx\/wp-content\/uploads\/2020\/09\/fgura-9.png\" class=\"attachment-large size-large wp-image-1071\" alt=\"\" srcset=\"https:\/\/smls.mx\/wp-content\/uploads\/2020\/09\/fgura-9.png 400w, https:\/\/smls.mx\/wp-content\/uploads\/2020\/09\/fgura-9-300x156.png 300w\" sizes=\"(max-width: 400px) 100vw, 400px\" \/>\t\t\t\t\t\t\t\t\t\t\t\t\t\t\t<\/div>\n\t\t\t\t<\/div>\n\t\t\t\t\t<\/div>\n\t\t<\/div>\n\t\t\t\t\t<\/div>\n\t\t<\/section>\n\t\t\t\t<section class=\"elementor-section elementor-top-section elementor-element elementor-element-f3f237e elementor-section-boxed elementor-section-height-default elementor-section-height-default\" data-id=\"f3f237e\" data-element_type=\"section\" data-e-type=\"section\">\n\t\t\t\t\t\t<div class=\"elementor-container elementor-column-gap-default\">\n\t\t\t\t\t<div class=\"elementor-column elementor-col-100 elementor-top-column elementor-element elementor-element-6afbd92\" data-id=\"6afbd92\" data-element_type=\"column\" data-e-type=\"column\">\n\t\t\t<div class=\"elementor-widget-wrap elementor-element-populated\">\n\t\t\t\t\t\t<div class=\"elementor-element elementor-element-6fa3bbe elementor-widget elementor-widget-text-editor\" data-id=\"6fa3bbe\" data-element_type=\"widget\" data-e-type=\"widget\" data-widget_type=\"text-editor.default\">\n\t\t\t\t<div class=\"elementor-widget-container\">\n\t\t\t\t\t\t\t\t\t<p style=\"text-align: justify;\"><span style=\"color: #000000;\"><strong>Figura 9.<\/strong> Tomogramas en el plano horizontal que muestran el da\u00f1o inducido por la corrosi\u00f3n de la matriz de cemento [8]. La prueba de esfuerzo se realiz\u00f3 por tensi\u00f3n y la corrosi\u00f3n se produjo con una varilla de acero penetrante en la mezcla y despu\u00e9s extruida: (a) formaci\u00f3n de grietas en el compuesto cementoso simple reforzado (PCC-P), indicadas por flechas; (b) ausencia de grietas extensivas en el cemento reforzado por fibras (SHCC). Los tomogramas se presentan en falso color.<\/span><\/p>\t\t\t\t\t\t\t\t<\/div>\n\t\t\t\t<\/div>\n\t\t\t\t\t<\/div>\n\t\t<\/div>\n\t\t\t\t\t<\/div>\n\t\t<\/section>\n\t\t\t\t<\/div>\n\t\t","protected":false},"excerpt":{"rendered":"<p>La obtenci\u00f3n de im\u00e1genes es un importante tema de investigaci\u00f3n con luz sincrotr\u00f3n. Los m\u00e9todos son muy diversos, y consisten en el empleo combinado las ventajas de los efectos de absorci\u00f3n, dispersi\u00f3n, interferencia y difracci\u00f3n de la luz sincrotr\u00f3n a escala microsc\u00f3pica. La microscop\u00eda maneja tambi\u00e9n haces de luz de energ\u00eda sintonizada para obtener im\u00e1genes empleando luz infrarroja y rayos<\/p>\n<p><a class=\"more-link\" href=\"https:\/\/smls.mx\/?page_id=1042\">Leer m\u00e1s<\/a><\/p>\n<div class=\"pvc_clear\"><\/div>\n<p id=\"pvc_stats_1042\" class=\"pvc_stats all  \" data-element-id=\"1042\" style=\"\"><i class=\"pvc-stats-icon medium\" aria-hidden=\"true\"><svg aria-hidden=\"true\" focusable=\"false\" data-prefix=\"far\" data-icon=\"chart-bar\" role=\"img\" xmlns=\"http:\/\/www.w3.org\/2000\/svg\" viewBox=\"0 0 512 512\" class=\"svg-inline--fa fa-chart-bar fa-w-16 fa-2x\"><path fill=\"currentColor\" d=\"M396.8 352h22.4c6.4 0 12.8-6.4 12.8-12.8V108.8c0-6.4-6.4-12.8-12.8-12.8h-22.4c-6.4 0-12.8 6.4-12.8 12.8v230.4c0 6.4 6.4 12.8 12.8 12.8zm-192 0h22.4c6.4 0 12.8-6.4 12.8-12.8V140.8c0-6.4-6.4-12.8-12.8-12.8h-22.4c-6.4 0-12.8 6.4-12.8 12.8v198.4c0 6.4 6.4 12.8 12.8 12.8zm96 0h22.4c6.4 0 12.8-6.4 12.8-12.8V204.8c0-6.4-6.4-12.8-12.8-12.8h-22.4c-6.4 0-12.8 6.4-12.8 12.8v134.4c0 6.4 6.4 12.8 12.8 12.8zM496 400H48V80c0-8.84-7.16-16-16-16H16C7.16 64 0 71.16 0 80v336c0 17.67 14.33 32 32 32h464c8.84 0 16-7.16 16-16v-16c0-8.84-7.16-16-16-16zm-387.2-48h22.4c6.4 0 12.8-6.4 12.8-12.8v-70.4c0-6.4-6.4-12.8-12.8-12.8h-22.4c-6.4 0-12.8 6.4-12.8 12.8v70.4c0 6.4 6.4 12.8 12.8 12.8z\" class=\"\"><\/path><\/svg><\/i> <img loading=\"lazy\" decoding=\"async\" width=\"16\" height=\"16\" alt=\"Loading\" src=\"https:\/\/smls.mx\/wp-content\/plugins\/page-views-count\/ajax-loader-2x.gif\" border=0 \/><\/p>\n<div class=\"pvc_clear\"><\/div>\n","protected":false},"author":2,"featured_media":0,"parent":0,"menu_order":0,"comment_status":"closed","ping_status":"closed","template":"","meta":{"footnotes":""},"class_list":["post-1042","page","type-page","status-publish","hentry"],"a3_pvc":{"activated":true,"total_views":2003,"today_views":0},"_links":{"self":[{"href":"https:\/\/smls.mx\/index.php?rest_route=\/wp\/v2\/pages\/1042","targetHints":{"allow":["GET"]}}],"collection":[{"href":"https:\/\/smls.mx\/index.php?rest_route=\/wp\/v2\/pages"}],"about":[{"href":"https:\/\/smls.mx\/index.php?rest_route=\/wp\/v2\/types\/page"}],"author":[{"embeddable":true,"href":"https:\/\/smls.mx\/index.php?rest_route=\/wp\/v2\/users\/2"}],"replies":[{"embeddable":true,"href":"https:\/\/smls.mx\/index.php?rest_route=%2Fwp%2Fv2%2Fcomments&post=1042"}],"version-history":[{"count":2,"href":"https:\/\/smls.mx\/index.php?rest_route=\/wp\/v2\/pages\/1042\/revisions"}],"predecessor-version":[{"id":1072,"href":"https:\/\/smls.mx\/index.php?rest_route=\/wp\/v2\/pages\/1042\/revisions\/1072"}],"wp:attachment":[{"href":"https:\/\/smls.mx\/index.php?rest_route=%2Fwp%2Fv2%2Fmedia&parent=1042"}],"curies":[{"name":"wp","href":"https:\/\/api.w.org\/{rel}","templated":true}]}}